s the units digit of i?
2
Let w(d) = 2*d + 12. What is the units digit of w(21)?
4
Suppose 3*y - 8 = -y, -k + 4*y = 6. What is the units digit of k?
2
Let j be (2 - -1)/(6/(-56)). Let i be j/(-6) - (-6)/(-9). Suppose 0 = 3*k - i*d - 44, -3*d = 2*k + 5 - 23. What is the units digit of k?
2
Suppose 4*t - 8 = -5*h + 14, t = -5*h - 2. Let d = t + -5. What is the tens digit of 35/d + (-2)/3?
1
Let d be 18/45 - (-24)/(-10). What is the units digit of (-5 - d)*6/(-2)?
9
Let m = 2 + -5. What is the tens digit of (-13)/(-1*m/(-3))?
1
Suppose -3*t - 4*c = -73 - 54, 2*t - 88 = -2*c. What is the tens digit of t?
4
Suppose 0*f + 3*f = d, 5*f + 40 = -d. Let z = -9 - d. Suppose 3*y - z = 2*y. What is the units digit of y?
6
Let z be (1 - 1)/(0 + -1). Let g = -12 + 14. Suppose 13 = 3*w - 4*b, z*w = g*w + 3*b - 20. What is the units digit of w?
7
Let v = -29 - -51. Suppose 20 = -4*q, -3*k = 3*q - q + 58. Let d = v + k. What is the units digit of d?
6
Let i(d) = -d**3 - 4*d**2 - 3*d - 3. Let v be i(-3). Let s = v - -6. What is the units digit of s?
3
Suppose -5*l = -5*m - 330, -l + 5*m = -111 + 41. What is the units digit of l?
5
Let g = -1 + 2. Suppose 1 = j - g. Suppose -b + 3*y = -2, -j*b + 0*y - 2*y = -12. What is the units digit of b?
5
Let d = 9 - 6. Let f = d + 10. What is the units digit of f?
3
Let v(y) = -y**2 - 1. Let a(c) = 3*c**2 - 3*c + 4. Let f(r) = -a(r) - 4*v(r). Let s be f(-4). Let t = s + 2. What is the units digit of t?
6
Let g(q) = -q**3 - q**2 + 4*q. Let b be g(-3). Let t be (-7 - -1) + (b - 4). What is the units digit of (-5 - t)/((-1)/10)?
0
What is the units digit of (-1)/(-2) - (-26)/4?
7
Suppose -11*r + 763 = -491. What is the hundreds digit of r?
1
Let q be 2/1 - (0 - 1). Suppose 4*d - 167 = -q*g, 2*d + g = -2*g + 85. What is the tens digit of d?
4
Let k(g) be the third derivative of g**4/24 + g**3/6 + 8*g**2. What is the units digit of k(5)?
6
Suppose 0 = 5*v + 46 + 119. Let n = v + 60. What is the tens digit of n?
2
Let b(c) = -c**3 + 8*c**2 + 10*c - 5. What is the units digit of b(7)?
4
What is the units digit of (-324)/(-15) - 9/15?
1
What is the units digit of 10 - (-8 - 1)/3?
3
Let d(t) = -t**2 - 5*t - 1. Let p be d(-2). Let a be (-2)/p + (-13)/5. Let g = 5 - a. What is the units digit of g?
8
Suppose 3*p + 12 = 4*q, -q - 2*p + 15 = 4*q. Suppose -q*w = -4*w + 4. What is the units digit of w?
4
Let t(m) = -m + 7. Let p(f) = f**3 - 6*f**2 + 3*f + 3. Let a be p(6). Let v = a + -15. What is the units digit of t(v)?
1
Let g = 12 + -100. Let d = 132 + g. What is the units digit of d?
4
Let c(j) = -4*j - 10. Let b be c(-8). Let m = b - 11. What is the units digit of m?
1
Let o(x) = -x**3 - 4*x**2 + 10*x - 3. Let v be o(-6). Let g = 16 - 10. Let q = v - g. What is the units digit of q?
3
Suppose 5*x - w = 2*w + 181, -x + 41 = w. What is the units digit of x?
8
Suppose 0 = 5*w - 2*i + 3*i + 1, -2*w + i = -1. Suppose 3*d = 4*x + x + 20, w = 5*d + 4*x - 95. What is the tens digit of d?
1
Let c(f) = f - 8. Let r be c(10). Let h = r + 0. What is the units digit of h?
2
Let h = 137 - -30. What is the units digit of h?
7
Let r(z) = -5*z**3 + 12*z**2 + 16*z - 15. Let a(q) = -6*q**3 + 12*q**2 + 17*q - 16. Let s(m) = -6*a(m) + 7*r(m). What is the units digit of s(-11)?
2
Let x = 8 - -14. Let l be 4*(x/8 + -2). Suppose 6 = l*w - 2*w. What is the units digit of w?
6
Suppose 0 = 4*k + f - 185, 0*k + f = -2*k + 93. What is the tens digit of k?
4
Let c = -5 - -8. Let z = c + -1. Suppose -z*r + 3*g - 5*g + 24 = 0, -3*r + 5*g + 12 = 0. What is the units digit of r?
9
Suppose 0 = i - 1 - 5. Let q(d) = 5*d**2 - 2*d - 5. Let p(t) = 11*t**2 - 4*t - 11. Let z(a) = i*p(a) - 13*q(a). What is the units digit of z(-4)?
7
What is the tens digit of (-155)/(-3) - (-1)/3?
5
Let m(v) = -49*v**3 - v**2 - v. What is the tens digit of m(-1)?
4
Let w(k) = 28*k - 77. What is the hundreds digit of w(7)?
1
Let m(x) = -5*x**2 + 4*x**2 - 6 + 2*x**2 + 3*x. What is the units digit of m(-6)?
2
Suppose -q = r - 3 - 2, -2*r - 4 = -5*q. Suppose 0 = q*z - 3*z + 2. What is the units digit of 14/z + 0 + 2?
9
Suppose 0 = 12*o - 14*o + 6. What is the units digit of o?
3
Let k be 10/4*(-17 + 37). Suppose 0 = v + 5, n + 5*v + k = 2*n. What is the units digit of n?
5
Let l(i) = i**2 - 11*i - 3. Let k be l(11). What is the tens digit of 13 + (k - -5 - 1)?
1
What is the units digit of 1155/14*(-2)/(-3)?
5
Let n be 3*2/6*5. Suppose -4*v = a + 3, 2*a = n*v - 2*v + 27. What is the units digit of a?
9
Let i = -34 + 50. Suppose -q - 2*q + 4*t = -14, 3*q = 5*t + i. Suppose -d + 2*d - q = 0. What is the units digit of d?
2
Suppose -4*f + 2*o = -2*o - 52, 2*f + 3*o - 21 = 0. What is the units digit of (8/12 - 0)*f?
8
Let f be (-2 + 0 - -3)/(-1). Let i = 8 + f. What is the units digit of i?
7
Let z(a) = 10*a**2 - 10*a + 8. What is the tens digit of z(3)?
6
Suppose -p + 104 = -3*r + 8*r, 5*p = -4*r + 100. What is the tens digit of r?
2
Let n be ((-8)/(-6))/((-2)/(-3)). Let g = -41 - -76. What is the tens digit of (g/5)/(n/4)?
1
Suppose -2*p + 2 = -0. What is the units digit of (p/2)/((-4)/(-104))?
3
Let a be -3 + (-1 - (-21 + 0)). Suppose -3*c + a = -2*c. What is the tens digit of c?
1
Let c(j) = -4*j + 1. What is the units digit of c(-2)?
9
Let z(n) = -2*n**2 + 16*n + 9. Let r(w) = -3*w**2 + 24*w + 14. Let p(b) = -5*r(b) + 8*z(b). What is the units digit of p(7)?
9
What is the units digit of (-2)/13 + 2124/117?
8
What is the units digit of 2/36*6 - 38/(-3)?
3
Suppose 4*q + 5*k + 8 = 0, 3*q + 2*k + 11 = 4*q. Suppose -m - q*m = 48. Let b = 1 - m. What is the tens digit of b?
1
Suppose -6*y + 7*y = 15. What is the units digit of y?
5
Let f = 16 + -8. Suppose -n - 26 = n + 5*k, 4*n - k + 8 = 0. Let h = n + f. What is the units digit of h?
5
Suppose 0*o = o. Let y(s) = s**2 + 4. Let r be y(o). Suppose 0 = -k - l + 3, 2*l + 50 = r*k + k. What is the units digit of k?
8
Let c = 5 - 5. Let g(u) = -u**3 + 4*u**2 + 2*u - 4. Let d be g(4). Suppose 0 = y - d*k - 23, c = -k - 0 - 3. What is the units digit of y?
1
Let w = 10 - -6. What is the tens digit of w*1 + (1 - 3)?
1
Let t(u) = 2*u**2 - 3*u + 2. Let s be 2 + (0/(-3))/(-1). Let w be t(s). Suppose -k + 3*y + 1 = -y, 0 = -5*k + w*y + 37. What is the units digit of k?
9
Suppose -204 - 81 = -3*f. What is the tens digit of f?
9
Let q(a) = -a**3 - 13*a**2 + 8*a - 9. What is the tens digit of q(-14)?
7
Let i(r) = -r**3 + 9*r**2 + 10*r + 8. What is the units digit of i(10)?
8
Let n(q) = q**3 - 15*q**2 - 10*q - 38. What is the units digit of n(16)?
8
Suppose -2*y + 3 = 5*u + 2, 5*y = 2*u + 46. Let t be 1*y - (6 + -3). Suppose -2*b = -t*k + 73, 2*k + 4*b = 3*b + 22. What is the tens digit of k?
1
Let n = 26 + -8. What is the tens digit of n/4*(-20)/(-6)?
1
Let g(t) = -15*t + 1. Let z be g(2). Let b = -18 - z. Let x = 23 - b. What is the tens digit of x?
1
What is the units digit of 29 + 4/(-4)*4?
5
Let c(l) = -29*l + 3. What is the units digit of c(-3)?
0
Let u(z) = -z**2 - 11*z + 4. Let f be u(-12). What is the units digit of f/(-12) - 1/(-3)?
1
Suppose 3*z = z + 4. What is the units digit of z/(-9) + 83/9?
9
Let c(i) = -i**2 + 7*i + 3. Let w be c(7). Let k = 6 + -3. Suppose -m + w*n + 12 = 0, -k*m + 2*n - 6 + 28 = 0. What is the units digit of m?
6
Suppose g + 9 = -5*h + 47, -3*g + 5*h = -14. What is the tens digit of g?
1
Suppose 264 = 4*b - 296. What is the units digit of b?
0
Let o(m) = m**3 - 5*m**2 + m - 7. Let n be o(6). Let p = n - 24. What is the tens digit of p?
1
Let f = 2 + 29. What is the tens digit of f?
3
Let j(x) = 4*x - 4. Let r(g) = 1. Let t(m) = j(m) + 3*r(m). What is the units digit of t(2)?
7
Let q be 1/(-2) + 27/6. Let n(y) be the first derivative of y**4/4 - 5*y**3/3 + 7*y**2/2 - 5*y + 2. What is the units digit of n(q)?
7
Let o = 14 - -1. Let i be 4*1*o/6. Suppose -n + 3 = -i. What is the units digit of n?
3
Let z be 1/((-3)/(-15))*8. Suppose 0*s + 5*i = s - 24, -z = -s + i. What is the tens digit of s?
4
What is the units digit of (3/(3/(-4)))/2 - -18?
6
Let y = -18 + 29. Suppose -5*h + y = 1. Suppose -h + 47 = 5*n. What is the units digit of n?
9
Suppose -w - h = 3*w - 14, -2*w + h = -4. What is the tens digit of 56/w*(-3)/(-2)?
2
Let h(j) be the third derivative of 7*j**4/24 + j**3/2 + 3*j**2. Let t be h(-2). What is the units digit o